f d?
0
Let u(q) = -q**3 + 8*q**2 + 8*q + 11. Let r be u(9). What is the units digit of (3/r)/(30/700)?
5
Let m be 5/((-10)/8)*-7. Let s = m + -10. Let c = s + -9. What is the units digit of c?
9
Let n = 196 - 118. What is the tens digit of n?
7
Suppose -9*t - y = -8*t - 73, -2*y - 365 = -5*t. What is the units digit of t?
3
Suppose -p + 1 = 0, -2*p + 22 = 8*o - 4*o. Suppose 0 = -o*x + 30. What is the units digit of x?
6
Suppose -5*u - 3*m = 16, -4*m - 7 = u + 3. What is the units digit of 10*u*(-3)/6?
0
Suppose 18 = 5*g - 5*t - 12, 4*t + 16 = 0. What is the units digit of (g/3)/((-7)/(-42))?
4
Let l be (78/(-12))/(1/(-18)). What is the tens digit of (2/3)/(6/l)?
1
Let v(g) = g. Let p be v(-8). Let f be (1 - -1) + (p - -3). What is the units digit of (-32)/(-6) - 2/f?
6
Let v be (45 - (2 - 0)) + -1. Suppose 18 + v = 4*t. What is the tens digit of t?
1
Suppose 1 = o - 0. What is the units digit of o?
1
Let j(n) = n**2 + 5*n - 2. Let a be j(-4). Let b(v) = 3*v + v**2 - 20 + 4 + 8 + 5. What is the units digit of b(a)?
5
Suppose -384 = -4*x + 136. What is the hundreds digit of x?
1
Let v(y) be the third derivative of -y**6/120 - 2*y**5/15 - y**4/4 + 4*y**3/3 - 5*y**2. Suppose 2*n = -3*n - 35. What is the units digit of v(n)?
1
Let j = 83 + 107. What is the tens digit of j?
9
Let s(m) = -m**2 - m + 8. What is the units digit of s(0)?
8
What is the units digit of 0 + 40 - (-3 + 0)?
3
Suppose -1 = 10*f - 81. What is the units digit of f?
8
Let a(n) = -n**3 + 7*n**2 - 6*n + 2. Let s be a(6). Suppose 2 = s*p - 0. What is the units digit of p?
1
Suppose 3*s = -2*f + 2*s + 28, -s + 70 = 5*f. What is the tens digit of f?
1
What is the units digit of (2/(-6))/((-11)/429)?
3
Suppose 0 = -2*q + 5*c - 22 + 131, -4*c = 5*q - 256. What is the units digit of q?
2
Let p(w) = -6*w - 4. Let d(b) = -5*b - 3. Let k(u) = 5*d(u) - 4*p(u). Suppose -2*z + 12 = -7*s + 3*s, -5*s - 15 = -2*z. What is the units digit of k(s)?
4
What is the units digit of 5/45*-2 + (-490)/(-18)?
7
Let f be 48*(-3 + (-22)/(-6)). Let g = -14 + f. What is the tens digit of g?
1
Let c = 10 + -7. Suppose r - 58 = -c*b, 5*b = -0*r - 3*r + 98. What is the units digit of b?
9
Suppose -2*t + 3*u = -7*t - 12, -12 = 3*u. Suppose t*g = -2*g + 22. Let h = g - 6. What is the units digit of h?
5
Let i(l) = -l**2 + l. Let j(v) = -v**3 - 2*v**2 + 12*v + 2. Let s(c) = 5*i(c) - j(c). What is the units digit of s(5)?
3
What is the tens digit of 1/(-2)*(-20 + -8)?
1
Let g(b) = -b + 49. What is the tens digit of g(0)?
4
Suppose 4*u + 0*u + 438 = 5*n, 4*n - 5*u - 354 = 0. What is the tens digit of n?
8
Suppose 3*g - 45 = 69. What is the units digit of g?
8
Let n(i) = -i**3 - 4*i**2 - 3*i - 1. Let g be n(-3). What is the units digit of g/(87/30 + -3)?
0
Suppose -3*u - 2*u = -90. Let n = u - 4. What is the tens digit of n?
1
Suppose 0 = -3*t + 3*m - 78 - 72, 2*m + 2 = 0. Let q = t - -71. What is the units digit of q?
0
Let f(l) = 2*l**2 + 4*l - 5. What is the units digit of f(-7)?
5
Suppose u - 3*q = -0*u + 12, 2*q + 12 = 2*u. Suppose 14 = u*o - 37. What is the units digit of o?
7
Suppose 14 = 3*x + 4*a, -24 = x + x - 4*a. Let y(q) = -6*q**2 - 3*q - 2. Let l be y(x). What is the units digit of (l/(-6))/((-2)/(-6))?
0
Let t(b) = -b**3 + 8*b**2 - 7*b + 4. What is the tens digit of t(6)?
3
Suppose -2*x - 2*x = 28. Let j(o) = -o**3 - 8*o**2 - 6*o + 7. Let l be j(x). Suppose -d + l*d = -9. What is the units digit of d?
9
Let c(w) = -3*w**3 - 2*w**2 - 4*w - 2. What is the units digit of c(-3)?
3
Let n(f) = f**2 - 5*f + 8. Suppose 0*v + 14 = 2*v. Let j be n(v). Suppose 2 = -2*o - 3*z, 2*o - 3*z = -0 + j. What is the units digit of o?
5
Let h = 7 + -4. Suppose -h*m - 68 = -7*m. What is the units digit of m?
7
Let x(i) be the second derivative of -i**5/20 + i**3/2 - 2*i**2 - 2*i. What is the tens digit of x(-3)?
1
Let y be 16 + -3 + 2 + -1. Suppose -t - 2 = -y. What is the tens digit of t?
1
What is the units digit of 9/(-3) + 50 + -4?
3
Let n = -3 + 150. What is the units digit of n?
7
Suppose 3*v = 2*s + 78, 48 = 2*v - s - 4. What is the units digit of v?
6
What is the tens digit of (-1 - (-6 + 1)) + 56?
6
Suppose 0 = -3*y - 6, 0 = -8*a + 3*a - 4*y + 7. Suppose 5*l - 34 = a*n - 12, n = 2*l - 9. Suppose -2*r + n + 5 = 0. What is the units digit of r?
3
Suppose 7 = 3*y - 2*v, 3*v - 5*v = 3*y - 11. What is the units digit of (2/y)/((-7)/(-126))?
2
Suppose -i + 4 = i. Let r = 9 - 6. Suppose -3*j + 17 = r*g - 10, -4*g + 8 = i*j. What is the units digit of j?
4
Suppose -6 = -g + 54. What is the units digit of g?
0
Let i(z) = 10*z - 3. What is the tens digit of i(7)?
6
Let u(v) = -v - 3. Let p be u(-6). Suppose k + 38 = p*k. What is the units digit of k?
9
Let o(f) = -6*f**3 + 4*f**2 - 3. Let s(u) = 5*u**3 - 4*u**2 - u + 2. Let h(v) = -6*o(v) - 7*s(v). Let n be h(-4). What is the units digit of (-1)/((-9)/n)*-3?
8
Suppose -5*u + 3*u = -66. Suppose 2*h = -h + u. What is the tens digit of h?
1
Suppose k = 1 - 2. Let j(f) = f. Let h(g) = -3*g**2 - 2*g + 1. Let d(w) = -h(w) - 4*j(w). What is the units digit of d(k)?
4
Suppose 3*c + 6 = 3*z, -3*c + 22 = z + c. Let s = 8 + z. What is the tens digit of s?
1
Suppose 0 = -5*x + 2*u + 8, -2*u = 2*x - u + 4. Suppose k = -x*k + 4, -k - 101 = -5*m. What is the units digit of m?
1
What is the units digit of 4527/63 + 2/14?
2
Let w(u) = 4*u**2 - 1. What is the units digit of w(-1)?
3
Let h(g) = -9*g - 4. Let n(c) be the third derivative of c**4/24 + c**3/6 + c**2. Let o(s) = h(s) + 6*n(s). What is the tens digit of o(-4)?
1
Let d be 4/(-6)*3*-2. Suppose -2*k - d = -6*k. What is the units digit of k?
1
Let k(t) = t**2 + 4*t + 8. What is the tens digit of k(-7)?
2
Suppose -2*f = -2*b - f + 3, -5*f - 24 = -b. Let m be (-4)/((-2)/b)*-2. Suppose -l - 4*y + 26 = 0, -4*y + 9 = m*l - 59. What is the tens digit of l?
1
Let n = -41 + 91. What is the units digit of n?
0
Suppose 3*r = -2*r. Suppose -25 = -5*h - r*h. What is the units digit of h?
5
What is the tens digit of (-212)/(-5) + (-10)/25?
4
Let m(p) = 5*p**2 - 2*p + 1. Let o be m(-2). Suppose o = r - 3. Suppose 2*h - 6*h + r = 0. What is the units digit of h?
7
Suppose 0*k + 25 = 5*k. Suppose 43 = 3*q - 2*q - 2*d, 4*q = k*d + 166. What is the tens digit of q?
3
Suppose 0 = 5*c + 2 - 7. What is the units digit of c?
1
Let t(r) = 3*r + 1. Let j be 2/4 - (-21)/6. What is the units digit of t(j)?
3
Let r = 121 + -81. What is the units digit of r?
0
Let b = -137 - -323. What is the tens digit of b?
8
Let f(k) = k**3 + 5*k**2 - 2*k - 3. What is the units digit of f(-3)?
1
Let n(c) = -3*c - 19. Let p be n(-8). Let l(x) = -x**3 + 2*x**2 + 3*x - 1. Let u be l(3). Let r = u + p. What is the units digit of r?
4
Let d(k) = -k**3 + 12*k**2 - 11*k + 15. Let c(x) = -x**2 + 9*x - 7. Let o be c(6). What is the tens digit of d(o)?
1
Let s = 8 - 8. Let w(o) = o**2 - o + 3. Let q be w(0). Suppose 2*v = q*t + 3, s = -5*t - 2 + 17. What is the units digit of v?
6
Let w = -15 + 66. Suppose 3*n + 3*z = w, 5*z = 3 + 2. Suppose 0 = b + b - n. What is the units digit of b?
8
What is the units digit of (2 - 2) + -15*(-1 - 1)?
0
Suppose 0 = -2*j + 20 + 6. Let a = j - 9. Suppose 0 = -0*p + a*p - 40. What is the units digit of p?
0
Let d(l) = 12*l**3. Let n(a) = a**3 - 2*a**2 - 3*a - 5. Let x be n(4). Let s be (5/x)/((-1)/(-3)). What is the units digit of d(s)?
2
What is the units digit of 107*(-2 - -4 - 1)?
7
Suppose -n - d - 66 = -282, 2*n = 5*d + 446. What is the hundreds digit of n?
2
Suppose 0 = 17*x - 13*x - 208. Suppose -x = -2*c + f + f, 5*f + 25 = 0. What is the units digit of c?
1
Let j(x) be the second derivative of -x**5/20 - x**4/6 + x**3/6 + x**2 + x. Let c be j(-3). What is the units digit of 34/4 + (-4)/c?
8
Suppose 3*r + 5*c - 191 = 0, 5*r - c - 150 = 131. What is the tens digit of r?
5
Suppose -5 = 5*t + 5. What is the units digit of (t - 15/(-4))*4?
7
Suppose -8 = 3*c + 16. Let f be (c/3)/(1/(-3)). Suppose f = -2*z, -4*w + 31 = -w - 4*z. What is the units digit of w?
5
Suppose q + 3*l - 144 = 0, -3*l = 2*q - 4*q + 252. Suppose -q = -3*d - 5*h, -3*h = -5*d + 369 - 115. What is the tens digit of d?
4
Suppose -3 = 4*h - 11. Let m = 6 - h. What is the units digit of m?
4
Suppose 2*c + 4*s = -18, -s + 25 = -5*c + 2. Let k = -3 - c. Let r = 7 - k. What is the uni